ppose 360 + 45 = 3*o. Does 5 divide o?
True
Let j(v) = v**2 + 4*v + 1. Suppose t = 2*t - 10. Suppose -5*n - t = 20. Does 4 divide j(n)?
False
Let j be 4/3*6/4. Suppose 0 = -4*l + 16, -4*s + 12 = -j*l - 20. Is 10 a factor of s?
True
Let s(a) be the third derivative of -a**4/12 + 13*a**3 - 4*a**2. Is 26 a factor of s(0)?
True
Let h = 3 + -3. Suppose 2*y - 71 + 21 = h. Is y a multiple of 19?
False
Suppose 0 = -u - 5*c - 23, 0*c = 4*u - c - 13. Let o(h) = 4*h + 2*h**2 + 10 - h**3 - 8*h**u + 0*h**2. Is 16 a factor of o(-7)?
False
Suppose -4*g + 9*g = 4*f + 195, 0 = 4*f. Does 7 divide g?
False
Suppose 0 = 58*o - 62*o + 1088. Is 63 a factor of o?
False
Let w(k) = k**3 + k**2 + k + 161. Let f be w(0). Let r = f - 112. Suppose -16 - r = -5*m. Is 11 a factor of m?
False
Suppose -5*u = -125 + 30. Is u a multiple of 19?
True
Suppose -3*f + f = -14. Suppose -2*m + f*g + 46 = 3*g, 3*g + 28 = m. Is 10 a factor of m?
False
Let d(k) = -k**2 + 9*k - 11. Let c be d(7). Suppose -2*y + 82 + 42 = 5*j, 173 = c*y + j. Does 19 divide y?
True
Let a be 18/5*20/8. Let u be (-1)/((3*-1)/171). Let n = u - a. Is n a multiple of 16?
True
Is 27 a factor of 1*67 + (-19 - -17)?
False
Let p(c) = -c - 8. Let q(s) = 8. Let b(l) = -5*p(l) - 4*q(l). Let o be b(6). Suppose -2*k + 0*k = -o. Is 9 a factor of k?
False
Is 164 - ((-1)/((-4)/8) - 3) a multiple of 33?
True
Let u(a) = -a**3 + 3*a**2 + 3*a + 1. Let q be u(-5). Let m be 4/(-14) + q/14. Let w = -6 + m. Does 6 divide w?
False
Let t(f) = 29*f**3 + 11*f - 5. Let h(y) = -15*y**3 - 5*y + 2. Let v(b) = 7*h(b) + 3*t(b). Let m be ((-4)/8)/((-3)/(-6)). Is v(m) a multiple of 19?
True
Let z = 49 + -1. Suppose i + i - 5*f - z = 0, 3*i = -2*f + 110. Does 13 divide i?
False
Let p(o) = -41*o**3 - o**2 + o + 1. Suppose 0 = 4*s - 6 + 10. Does 14 divide p(s)?
False
Suppose 6*p = 10*p - 264. Does 11 divide p?
True
Let t = -42 - -78. Is t a multiple of 6?
True
Let s(n) = -n**2 - 2*n + 5. Let i be s(-3). Suppose i*l + 4*l = 72. Does 6 divide l?
True
Let g(r) be the second derivative of r**5/20 + 7*r**4/12 - 4*r**3/3 + 3*r**2/2 - 3*r. Is g(-8) even?
False
Suppose 0 = -2*l + 171 + 29. Suppose w = 2*w - l. Suppose -2*a = -6*a + w. Is 13 a factor of a?
False
Let c(t) = t**2 + 3 - 6 - 1 + t. Let p(i) = -i**3 + 9*i**2 - i + 3. Let k be p(9). Is 13 a factor of c(k)?
True
Let v(m) = 6*m - 15. Does 15 divide v(5)?
True
Suppose 0 = 3*o - 4*b - 226, -2*o + 2*b = -b - 152. Suppose 4*x - 46 - o = 0. Let y = x - 21. Is y a multiple of 4?
True
Let d(r) be the third derivative of -r**5/60 + r**4/3 - r**3/2 - 4*r**2. Is d(6) a multiple of 7?
False
Suppose 101 = u + c, 4*u - 557 = 5*c - 144. Is 17 a factor of u?
True
Let f(z) = 11 - 4*z + 9 - 4*z - 7. Does 23 divide f(-7)?
True
Suppose -3*a - 160 = 5*r, -3*a + 7*a = 20. Let x be 18/14 - (-10)/r. Let m(z) = 7*z**2 - z. Does 3 divide m(x)?
True
Let o be (5 + 1)*(-72)/16. Let q = o - -51. Is q a multiple of 12?
True
Let p be 0 + (2 - 3 - -1). Suppose p = 4*s - 0 - 12. Suppose 5*d - s*n = 167 + 122, 0 = -d - 2*n + 63. Is d a multiple of 21?
False
Suppose 22 = -5*i + 7*i. Does 2 divide i?
False
Let q = -7 - -5. Let u = 0 - q. Is u + 30 - (-5 + 2) a multiple of 16?
False
Let g(j) = -j**2 + 12*j - 10. Let a be 122/18 + 4/18. Is g(a) a multiple of 7?
False
Let i(g) = g**3 + 9*g**2 + 4*g + 6. Let q be i(-8). Let k = q - 12. Let w = k + -18. Is w a multiple of 6?
False
Let q = 0 + 3. Let h be ((3*10)/q)/1. Let d = 19 - h. Is d a multiple of 9?
True
Let d(l) be the third derivative of l**5/30 + l**4/6 - l**3/3 - 2*l**2. Suppose -3*s + 3*r = -4*s - 17, -4*s - r - 24 = 0. Is 14 a factor of d(s)?
True
Let v be (15 - 0)*(3 - 0). Suppose 2*n = 5*n - v. Does 10 divide n?
False
Suppose 4*v = -1 + 29. Let c = -5 + v. Suppose -s - 2*s + 4*g = -12, -c*s = -2*g - 10. Does 3 divide s?
False
Suppose -4*k - 16 = -2*j, -j - j = 5*k + 20. Suppose -15 = 3*w, 3*m = -j*m - 2*w + 14. Is m a multiple of 8?
True
Let w(n) = 6*n + 4. Is 8 a factor of w(10)?
True
Let a = -6 - 1. Suppose 1 = -2*y + y, -43 = 3*w - 2*y. Let s = a - w. Does 4 divide s?
True
Let f(d) = -123*d + 4. Does 25 divide f(-2)?
True
Suppose -206 - 94 = -3*h. Is h a multiple of 8?
False
Is (-5)/5*-125*(0 + 1) a multiple of 18?
False
Suppose -2*u - 2*o = -4*o - 16, -5*u - 5*o + 60 = 0. Does 12 divide 59/1 - (-11 + u)?
True
Let n = -81 + 81. Suppose -5*c + 19 = -3*k + 4*k, 4*k - 2*c - 76 = 0. Suppose -5*o + k + 21 = n. Is o a multiple of 4?
True
Let i = 2 + -2. Suppose i = 4*m - 5*j - 6 - 69, 0 = 4*m + j - 81. Does 18 divide m?
False
Let w(g) = -g + 11. Let k(b) = 2*b. Let q be k(-4). Is w(q) a multiple of 10?
False
Suppose 2*j + 2*j + 17 = 3*i, -2*i + 5*j + 9 = 0. Let w(z) = z**3 - 6*z**2 - 3*z - 4. Does 8 divide w(i)?
True
Is (-2228)/(-10) + 2/10 a multiple of 23?
False
Let v = 13 + -24. Let j = 19 + v. Is 4 a factor of j?
True
Suppose 0 = 6*b - 0*b + 18. Let u(n) = 3*n**3 + 2*n - 5*n**3 - 3*n**2 + 0*n. Is 7 a factor of u(b)?
True
Suppose 3*x + 0*n - 2*n = 15, 3*n = -9. Suppose -x*w + 7*w - 140 = 0. Suppose -7 = -f - 2*p - 0*p, -5*f + p + w = 0. Is 7 a factor of f?
True
Let b be (-418)/(-8) + 3/(-12). Let f = b + -36. Does 7 divide f?
False
Let u(s) = -13*s + 4. Let j be u(3). Let x = j - -54. Let q = 5 + x. Does 12 divide q?
True
Let z(h) = -10*h**3 - h**2 + h + 1. Suppose -2*o - 3 = o. Let p be z(o). Suppose 2*y - p - 67 = 0. Is 19 a factor of y?
True
Let p = -7 - -29. Is 1610/p - 4/22 a multiple of 18?
False
Let d(s) = 2*s - 5. Let t be d(6). Let x(b) = t*b - 2 + 4*b + 5. Is x(3) a multiple of 18?
True
Suppose -1 = -3*b - 4. Let p be b + (-1 - (1 + -3)). Suppose p = -2*q - 2*g + 50, -6*q + 2*q + 5*g = -109. Is q a multiple of 13?
True
Let h(l) = 6*l + 2. Does 14 divide h(2)?
True
Let h = -3 + -8. Let p(y) = 6*y**3 - 2*y**2 + 4*y - 2. Let g be p(2). Let i = h + g. Is i a multiple of 18?
False
Let r(v) = 4*v + 7. Let l = 8 + 3. Does 17 divide r(l)?
True
Let x = -207 - -297. Is 36 a factor of x?
False
Let g = 874 + -456. Is g a multiple of 26?
False
Suppose -x = -6*x - 160. Is 7 a factor of x/(-12)*(-78)/(-8)?
False
Suppose 0 = -3*u - 2*r + 166, 3*u + r - 211 + 50 = 0. Is 13 a factor of u?
True
Let j(a) = a**3 + 8*a**2 - 9*a + 4. Let k be j(-9). Let f be (k/(-3))/((-12)/90). Does 16 divide f/((-22)/(-10) + -2)?
False
Suppose -3*h + 153 = 2*i + i, h - 3*i = 59. Suppose 3*n - h = 4*d, 4*n - 3*n - 23 = -4*d. Is n a multiple of 19?
True
Let c = 19 + -5. Is c a multiple of 14?
True
Suppose 78 + 36 = 3*c. Is c a multiple of 19?
True
Let v(x) be the second derivative of -x**5/20 - 7*x**4/12 + x**3 + 5*x**2 - x. Let q be -8 + (-3)/(-9)*0. Does 14 divide v(q)?
False
Let k be 2/7 - 124/(-7). Suppose 2*o - k = -0*o. Let g(p) = -p**3 + 8*p**2 + 12*p - 8. Does 10 divide g(o)?
False
Suppose -4*l = -24 - 4. Suppose -l*h + 2*h + 70 = 0. Is 12 a factor of (-2 - -3)*(h - 1)?
False
Let a = -5 - -3. Is 24/1 - (0 - a) a multiple of 16?
False
Suppose -2*o = 3*o - 270. Is o a multiple of 6?
True
Suppose -2*s = 3 - 9. Let r(l) = 4*l + 1. Let u be r(s). Suppose 4*a = u + 3. Does 2 divide a?
True
Let v = -30 - -46. Let r be 15*(3 + v/(-6)). Suppose 0 = -2*i + 3*s + s + 52, r*i = 3*s + 144. Is i a multiple of 15?
True
Suppose 2*f + 17 = -5*s, -3*s = -0*f - 5*f - 27. Let d(i) = i**2 + 5*i - 2. Let j be d(f). Let c = 5 + j. Does 9 divide c?
True
Suppose -i = -4*y + 18, 0 = -2*i + 6*i + 2*y - 18. Suppose -2*l - 106 = -5*j, -102 = -5*j - i*l + 6*l. Does 15 divide j?
False
Is 1/3*(61 - 1) a multiple of 10?
True
Let g(q) = -11*q + 2. Let c be g(-3). Let l = c + -16. Does 4 divide 2/(-4) + l/2?
False
Let q = 6 + -13. Let y(v) = -2*v. Is 14 a factor of y(q)?
True
Let h(x) = -2*x - 8. Let m be h(-7). Suppose m*c = 2*c + 216. Suppose 3*o - 198 + c = 0. Is o a multiple of 18?
False
Let v = 19 - 10. Does 7 divide v?
False
Suppose -5*z + 35 = 2*u - 4*z, 0 = 4*u + z - 67. Is 5 a factor of u?
False
Let o be ((-2)/6)/(3/27). Is (o/(-2))/(24/256) a multiple of 11?
False
Let f = -77 + 86. Is 2 a factor of f?
False
Let d = 6 - -2. Let a = 11 - d. Suppose 0 = -a*t + 32 + 37. Is 8 a factor of t?
False
Let l be 15 + -3 - 2/1. Is (184/10)/(4/l) a multiple of 23?
True
Let g(z) = z**2. Let n be g(-2). Suppose -5*d + 2*k = -62, -k - 3*k - 52 = -n*d. Suppose 5*h - d - 8 = 0. Is h a multiple of 2?
True
Suppose -4*r + s - 17 = 0, -2